{"id":7284,"date":"2023-08-03T10:11:16","date_gmt":"2023-08-03T09:11:16","guid":{"rendered":"https:\/\/qika.org\/?post_type=activities&#038;p=7284"},"modified":"2023-08-03T10:11:17","modified_gmt":"2023-08-03T09:11:17","slug":"qika-diskuton-mbi-barazine-gjinore-ne-institutin-veror-te-teach-for-kosova","status":"publish","type":"activities","link":"https:\/\/qika.org\/en\/activities\/qika-diskuton-mbi-barazine-gjinore-ne-institutin-veror-te-teach-for-kosova\/","title":{"rendered":"QIKA diskuton mbi barazin\u00eb gjinore n\u00eb Institutin Veror t\u00eb Teach for Kosova"},"content":{"rendered":"\n<p>K\u00ebnaq\u00ebsi e jasht\u00ebzakonshme t\u00eb diskutojm\u00eb p\u00ebr barazi gjinore me vajzat e djemt\u00eb e mrekulluesh\u00ebm q\u00eb jan\u00eb pjes\u00eb e Institutit Veror p\u00ebr m\u00ebsimdh\u00ebnie t\u00eb organizuar nga Teach for Kosova.<\/p>\n\n\n\n<p>Donjeta Morina nga QIKA, trajnoi dje pjes\u00ebmarr\u00ebsit e k\u00ebtij instituti mbi r\u00ebnd\u00ebsin\u00eb e p\u00ebrfshirjes s\u00eb perspektives feministe n\u00eb m\u00ebsimdh\u00ebnie. P\u00ebrgjat\u00eb trajnimit k\u00ebta t\u00eb rinj me profile e p\u00ebrvoja t\u00eb ndryshme, m\u00ebsuan p\u00ebr konceptet baz\u00eb t\u00eb barazis\u00eb gjinore, pabarazit\u00eb ekzistuese gjinore n\u00eb Kosov\u00eb me fokus <a><\/a>n\u00eb arsim, si dhe m\u00ebnyra praktike se si mund t\u00eb jen\u00eb m\u00ebsimdh\u00ebn\u00ebs q\u00eb shtyjn\u00eb p\u00ebrpara barazin\u00eb gjinore e sociale.<\/p>\n\n\n\n<p>Fal\u00ebnderojm\u00eb <a href=\"https:\/\/www.facebook.com\/teachforkosova?__cft__[0]=AZVsGnW8mrBcbvjc8x565bY-EAjvDDaEsYsyA7b4UnKyq1GrTNuWKCQTy4h18OY-V6_ju1uS8fUS-91iYyOzVa3DB9OTfUmIAGInIn6BaUq37-9236Jsu_Ejk-O7aSygYUZgD6zW9oLyeH0FrOH-O5PNgg5F1oHhM7gxZZggkHu1Xhtm7mvTc1mzP4uZ10JR_LM&amp;__tn__=-]K-R\">Teach For Kosova<\/a> p\u00ebr bashk\u00ebpunimin e mir\u00eb duke i p\u00ebrg\u00ebzuar p\u00ebr pun\u00ebn e jasht\u00ebzakonshme q\u00eb po b\u00ebjn\u00eb.<\/p>\n","protected":false},"featured_media":7285,"template":"","class_list":["post-7284","activities","type-activities","status-publish","has-post-thumbnail","hentry"],"acf":[],"yoast_head":"<!-- This site is optimized with the Yoast SEO plugin v23.5 - https:\/\/yoast.com\/wordpress\/plugins\/seo\/ -->\n<title>QIKA diskuton mbi barazin\u00eb gjinore n\u00eb Institutin Veror t\u00eb Teach for Kosova - QIKA<\/title>\n<meta name=\"robots\" content=\"index, follow, max-snippet:-1, max-image-preview:large, max-video-preview:-1\" \/>\n<link rel=\"canonical\" href=\"https:\/\/qika.org\/activities\/qika-diskuton-mbi-barazine-gjinore-ne-institutin-veror-te-teach-for-kosova\/\" \/>\n<meta property=\"og:locale\" content=\"en_US\" \/>\n<meta property=\"og:type\" content=\"article\" \/>\n<meta property=\"og:title\" content=\"QIKA diskuton mbi barazin\u00eb gjinore n\u00eb Institutin Veror t\u00eb Teach for Kosova - QIKA\" \/>\n<meta property=\"og:description\" content=\"K\u00ebnaq\u00ebsi e jasht\u00ebzakonshme t\u00eb diskutojm\u00eb p\u00ebr barazi gjinore me vajzat e djemt\u00eb e mrekulluesh\u00ebm q\u00eb jan\u00eb pjes\u00eb e Institutit Veror p\u00ebr m\u00ebsimdh\u00ebnie t\u00eb organizuar nga Teach for Kosova. Donjeta Morina nga QIKA, trajnoi dje pjes\u00ebmarr\u00ebsit e k\u00ebtij instituti mbi r\u00ebnd\u00ebsin\u00eb e p\u00ebrfshirjes s\u00eb perspektives feministe n\u00eb m\u00ebsimdh\u00ebnie. P\u00ebrgjat\u00eb trajnimit k\u00ebta t\u00eb rinj me profile e [&hellip;]\" \/>\n<meta property=\"og:url\" content=\"https:\/\/qika.org\/activities\/qika-diskuton-mbi-barazine-gjinore-ne-institutin-veror-te-teach-for-kosova\/\" \/>\n<meta property=\"og:site_name\" content=\"QIKA\" \/>\n<meta property=\"article:modified_time\" content=\"2023-08-03T09:11:17+00:00\" \/>\n<meta property=\"og:image\" content=\"https:\/\/qika.org\/wp-content\/uploads\/2023\/08\/365437888_615059130769846_1471226544650145833_n.jpg\" \/>\n\t<meta property=\"og:image:width\" content=\"1600\" \/>\n\t<meta property=\"og:image:height\" content=\"1200\" \/>\n\t<meta property=\"og:image:type\" content=\"image\/jpeg\" \/>\n<meta name=\"twitter:card\" content=\"summary_large_image\" \/>\n<meta name=\"twitter:label1\" content=\"Est. reading time\" \/>\n\t<meta name=\"twitter:data1\" content=\"1 minute\" \/>\n<script type=\"application\/ld+json\" class=\"yoast-schema-graph\">{\"@context\":\"https:\/\/schema.org\",\"@graph\":[{\"@type\":\"WebPage\",\"@id\":\"https:\/\/qika.org\/activities\/qika-diskuton-mbi-barazine-gjinore-ne-institutin-veror-te-teach-for-kosova\/\",\"url\":\"https:\/\/qika.org\/activities\/qika-diskuton-mbi-barazine-gjinore-ne-institutin-veror-te-teach-for-kosova\/\",\"name\":\"QIKA diskuton mbi barazin\u00eb gjinore n\u00eb Institutin Veror t\u00eb Teach for Kosova - QIKA\",\"isPartOf\":{\"@id\":\"https:\/\/qika.org\/#website\"},\"primaryImageOfPage\":{\"@id\":\"https:\/\/qika.org\/activities\/qika-diskuton-mbi-barazine-gjinore-ne-institutin-veror-te-teach-for-kosova\/#primaryimage\"},\"image\":{\"@id\":\"https:\/\/qika.org\/activities\/qika-diskuton-mbi-barazine-gjinore-ne-institutin-veror-te-teach-for-kosova\/#primaryimage\"},\"thumbnailUrl\":\"https:\/\/qika.org\/wp-content\/uploads\/2023\/08\/365437888_615059130769846_1471226544650145833_n.jpg\",\"datePublished\":\"2023-08-03T09:11:16+00:00\",\"dateModified\":\"2023-08-03T09:11:17+00:00\",\"breadcrumb\":{\"@id\":\"https:\/\/qika.org\/activities\/qika-diskuton-mbi-barazine-gjinore-ne-institutin-veror-te-teach-for-kosova\/#breadcrumb\"},\"inLanguage\":\"en-US\",\"potentialAction\":[{\"@type\":\"ReadAction\",\"target\":[\"https:\/\/qika.org\/activities\/qika-diskuton-mbi-barazine-gjinore-ne-institutin-veror-te-teach-for-kosova\/\"]}]},{\"@type\":\"ImageObject\",\"inLanguage\":\"en-US\",\"@id\":\"https:\/\/qika.org\/activities\/qika-diskuton-mbi-barazine-gjinore-ne-institutin-veror-te-teach-for-kosova\/#primaryimage\",\"url\":\"https:\/\/qika.org\/wp-content\/uploads\/2023\/08\/365437888_615059130769846_1471226544650145833_n.jpg\",\"contentUrl\":\"https:\/\/qika.org\/wp-content\/uploads\/2023\/08\/365437888_615059130769846_1471226544650145833_n.jpg\",\"width\":1600,\"height\":1200},{\"@type\":\"BreadcrumbList\",\"@id\":\"https:\/\/qika.org\/activities\/qika-diskuton-mbi-barazine-gjinore-ne-institutin-veror-te-teach-for-kosova\/#breadcrumb\",\"itemListElement\":[{\"@type\":\"ListItem\",\"position\":1,\"name\":\"Home\",\"item\":\"https:\/\/qika.org\/en\/\"},{\"@type\":\"ListItem\",\"position\":2,\"name\":\"QIKA diskuton mbi barazin\u00eb gjinore n\u00eb Institutin Veror t\u00eb Teach for Kosova\"}]},{\"@type\":\"WebSite\",\"@id\":\"https:\/\/qika.org\/#website\",\"url\":\"https:\/\/qika.org\/\",\"name\":\"QIKA\",\"description\":\"Qendra p\u00ebr Informim, Kritik\u00eb dhe Aksion\",\"potentialAction\":[{\"@type\":\"SearchAction\",\"target\":{\"@type\":\"EntryPoint\",\"urlTemplate\":\"https:\/\/qika.org\/?s={search_term_string}\"},\"query-input\":{\"@type\":\"PropertyValueSpecification\",\"valueRequired\":true,\"valueName\":\"search_term_string\"}}],\"inLanguage\":\"en-US\"}]}<\/script>\n<!-- \/ Yoast SEO plugin. -->","yoast_head_json":{"title":"QIKA diskuton mbi barazin\u00eb gjinore n\u00eb Institutin Veror t\u00eb Teach for Kosova - QIKA","robots":{"index":"index","follow":"follow","max-snippet":"max-snippet:-1","max-image-preview":"max-image-preview:large","max-video-preview":"max-video-preview:-1"},"canonical":"https:\/\/qika.org\/activities\/qika-diskuton-mbi-barazine-gjinore-ne-institutin-veror-te-teach-for-kosova\/","og_locale":"en_US","og_type":"article","og_title":"QIKA diskuton mbi barazin\u00eb gjinore n\u00eb Institutin Veror t\u00eb Teach for Kosova - QIKA","og_description":"K\u00ebnaq\u00ebsi e jasht\u00ebzakonshme t\u00eb diskutojm\u00eb p\u00ebr barazi gjinore me vajzat e djemt\u00eb e mrekulluesh\u00ebm q\u00eb jan\u00eb pjes\u00eb e Institutit Veror p\u00ebr m\u00ebsimdh\u00ebnie t\u00eb organizuar nga Teach for Kosova. Donjeta Morina nga QIKA, trajnoi dje pjes\u00ebmarr\u00ebsit e k\u00ebtij instituti mbi r\u00ebnd\u00ebsin\u00eb e p\u00ebrfshirjes s\u00eb perspektives feministe n\u00eb m\u00ebsimdh\u00ebnie. P\u00ebrgjat\u00eb trajnimit k\u00ebta t\u00eb rinj me profile e [&hellip;]","og_url":"https:\/\/qika.org\/activities\/qika-diskuton-mbi-barazine-gjinore-ne-institutin-veror-te-teach-for-kosova\/","og_site_name":"QIKA","article_modified_time":"2023-08-03T09:11:17+00:00","og_image":[{"width":1600,"height":1200,"url":"https:\/\/qika.org\/wp-content\/uploads\/2023\/08\/365437888_615059130769846_1471226544650145833_n.jpg","type":"image\/jpeg"}],"twitter_card":"summary_large_image","twitter_misc":{"Est. reading time":"1 minute"},"schema":{"@context":"https:\/\/schema.org","@graph":[{"@type":"WebPage","@id":"https:\/\/qika.org\/activities\/qika-diskuton-mbi-barazine-gjinore-ne-institutin-veror-te-teach-for-kosova\/","url":"https:\/\/qika.org\/activities\/qika-diskuton-mbi-barazine-gjinore-ne-institutin-veror-te-teach-for-kosova\/","name":"QIKA diskuton mbi barazin\u00eb gjinore n\u00eb Institutin Veror t\u00eb Teach for Kosova - QIKA","isPartOf":{"@id":"https:\/\/qika.org\/#website"},"primaryImageOfPage":{"@id":"https:\/\/qika.org\/activities\/qika-diskuton-mbi-barazine-gjinore-ne-institutin-veror-te-teach-for-kosova\/#primaryimage"},"image":{"@id":"https:\/\/qika.org\/activities\/qika-diskuton-mbi-barazine-gjinore-ne-institutin-veror-te-teach-for-kosova\/#primaryimage"},"thumbnailUrl":"https:\/\/qika.org\/wp-content\/uploads\/2023\/08\/365437888_615059130769846_1471226544650145833_n.jpg","datePublished":"2023-08-03T09:11:16+00:00","dateModified":"2023-08-03T09:11:17+00:00","breadcrumb":{"@id":"https:\/\/qika.org\/activities\/qika-diskuton-mbi-barazine-gjinore-ne-institutin-veror-te-teach-for-kosova\/#breadcrumb"},"inLanguage":"en-US","potentialAction":[{"@type":"ReadAction","target":["https:\/\/qika.org\/activities\/qika-diskuton-mbi-barazine-gjinore-ne-institutin-veror-te-teach-for-kosova\/"]}]},{"@type":"ImageObject","inLanguage":"en-US","@id":"https:\/\/qika.org\/activities\/qika-diskuton-mbi-barazine-gjinore-ne-institutin-veror-te-teach-for-kosova\/#primaryimage","url":"https:\/\/qika.org\/wp-content\/uploads\/2023\/08\/365437888_615059130769846_1471226544650145833_n.jpg","contentUrl":"https:\/\/qika.org\/wp-content\/uploads\/2023\/08\/365437888_615059130769846_1471226544650145833_n.jpg","width":1600,"height":1200},{"@type":"BreadcrumbList","@id":"https:\/\/qika.org\/activities\/qika-diskuton-mbi-barazine-gjinore-ne-institutin-veror-te-teach-for-kosova\/#breadcrumb","itemListElement":[{"@type":"ListItem","position":1,"name":"Home","item":"https:\/\/qika.org\/en\/"},{"@type":"ListItem","position":2,"name":"QIKA diskuton mbi barazin\u00eb gjinore n\u00eb Institutin Veror t\u00eb Teach for Kosova"}]},{"@type":"WebSite","@id":"https:\/\/qika.org\/#website","url":"https:\/\/qika.org\/","name":"QIKA","description":"Qendra p\u00ebr Informim, Kritik\u00eb dhe Aksion","potentialAction":[{"@type":"SearchAction","target":{"@type":"EntryPoint","urlTemplate":"https:\/\/qika.org\/?s={search_term_string}"},"query-input":{"@type":"PropertyValueSpecification","valueRequired":true,"valueName":"search_term_string"}}],"inLanguage":"en-US"}]}},"_links":{"self":[{"href":"https:\/\/qika.org\/en\/wp-json\/wp\/v2\/activities\/7284","targetHints":{"allow":["GET"]}}],"collection":[{"href":"https:\/\/qika.org\/en\/wp-json\/wp\/v2\/activities"}],"about":[{"href":"https:\/\/qika.org\/en\/wp-json\/wp\/v2\/types\/activities"}],"wp:featuredmedia":[{"embeddable":true,"href":"https:\/\/qika.org\/en\/wp-json\/wp\/v2\/media\/7285"}],"wp:attachment":[{"href":"https:\/\/qika.org\/en\/wp-json\/wp\/v2\/media?parent=7284"}],"curies":[{"name":"wp","href":"https:\/\/api.w.org\/{rel}","templated":true}]}}

QIKA diskuton mbi barazinë gjinore në Institutin Veror të Teach for Kosova

<p>Kënaqësi e jashtëzakonshme të diskutojmë për barazi gjinore me vajzat e djemtë e mrekullueshëm që janë pjesë e Institutit Veror për mësimdhënie të organizuar nga Teach for Kosova.</p>



<p>Donjeta Morina nga QIKA, trajnoi dje pjesëmarrësit e këtij instituti mbi rëndësinë e përfshirjes së perspektives feministe në mësimdhënie. Përgjatë trajnimit këta të rinj me profile e përvoja të ndryshme, mësuan për konceptet bazë të barazisë gjinore, pabarazitë ekzistuese gjinore në Kosovë me fokus <a></a>në arsim, si dhe mënyra praktike se si mund të jenë mësimdhënës që shtyjnë përpara barazinë gjinore e sociale.</p>



<p>Falënderojmë <a href="https://www.facebook.com/teachforkosova?__cft__[0]=AZVsGnW8mrBcbvjc8x565bY-EAjvDDaEsYsyA7b4UnKyq1GrTNuWKCQTy4h18OY-V6_ju1uS8fUS-91iYyOzVa3DB9OTfUmIAGInIn6BaUq37-9236Jsu_Ejk-O7aSygYUZgD6zW9oLyeH0FrOH-O5PNgg5F1oHhM7gxZZggkHu1Xhtm7mvTc1mzP4uZ10JR_LM&amp;__tn__=-]K-R">Teach For Kosova</a> për bashkëpunimin e mirë duke i përgëzuar për punën e jashtëzakonshme që po bëjnë.</p>

<!-- This site is optimized with the Yoast SEO plugin v23.5 - https://yoast.com/wordpress/plugins/seo/ -->
<title>QIKA diskuton mbi barazinë gjinore në Institutin Veror të Teach for Kosova - QIKA</title>
<meta name="robots" content="index, follow, max-snippet:-1, max-image-preview:large, max-video-preview:-1" />
<link rel="canonical" href="https://qika.org/activities/qika-diskuton-mbi-barazine-gjinore-ne-institutin-veror-te-teach-for-kosova/" />
<meta property="og:locale" content="en_US" />
<meta property="og:type" content="article" />
<meta property="og:title" content="QIKA diskuton mbi barazinë gjinore në Institutin Veror të Teach for Kosova - QIKA" />
<meta property="og:description" content="Kënaqësi e jashtëzakonshme të diskutojmë për barazi gjinore me vajzat e djemtë e mrekullueshëm që janë pjesë e Institutit Veror për mësimdhënie të organizuar nga Teach for Kosova. Donjeta Morina nga QIKA, trajnoi dje pjesëmarrësit e këtij instituti mbi rëndësinë e përfshirjes së perspektives feministe në mësimdhënie. Përgjatë trajnimit këta të rinj me profile e [&hellip;]" />
<meta property="og:url" content="https://qika.org/activities/qika-diskuton-mbi-barazine-gjinore-ne-institutin-veror-te-teach-for-kosova/" />
<meta property="og:site_name" content="QIKA" />
<meta property="article:modified_time" content="2023-08-03T09:11:17+00:00" />
<meta property="og:image" content="https://qika.org/wp-content/uploads/2023/08/365437888_615059130769846_1471226544650145833_n.jpg" />
	<meta property="og:image:width" content="1600" />
	<meta property="og:image:height" content="1200" />
	<meta property="og:image:type" content="image/jpeg" />
<meta name="twitter:card" content="summary_large_image" />
<meta name="twitter:label1" content="Est. reading time" />
	<meta name="twitter:data1" content="1 minute" />
<script type="application/ld+json" class="yoast-schema-graph">{"@context":"https://schema.org","@graph":[{"@type":"WebPage","@id":"https://qika.org/activities/qika-diskuton-mbi-barazine-gjinore-ne-institutin-veror-te-teach-for-kosova/","url":"https://qika.org/activities/qika-diskuton-mbi-barazine-gjinore-ne-institutin-veror-te-teach-for-kosova/","name":"QIKA diskuton mbi barazinë gjinore në Institutin Veror të Teach for Kosova - QIKA","isPartOf":{"@id":"https://qika.org/#website"},"primaryImageOfPage":{"@id":"https://qika.org/activities/qika-diskuton-mbi-barazine-gjinore-ne-institutin-veror-te-teach-for-kosova/#primaryimage"},"image":{"@id":"https://qika.org/activities/qika-diskuton-mbi-barazine-gjinore-ne-institutin-veror-te-teach-for-kosova/#primaryimage"},"thumbnailUrl":"https://qika.org/wp-content/uploads/2023/08/365437888_615059130769846_1471226544650145833_n.jpg","datePublished":"2023-08-03T09:11:16+00:00","dateModified":"2023-08-03T09:11:17+00:00","breadcrumb":{"@id":"https://qika.org/activities/qika-diskuton-mbi-barazine-gjinore-ne-institutin-veror-te-teach-for-kosova/#breadcrumb"},"inLanguage":"en-US","potentialAction":[{"@type":"ReadAction","target":["https://qika.org/activities/qika-diskuton-mbi-barazine-gjinore-ne-institutin-veror-te-teach-for-kosova/"]}]},{"@type":"ImageObject","inLanguage":"en-US","@id":"https://qika.org/activities/qika-diskuton-mbi-barazine-gjinore-ne-institutin-veror-te-teach-for-kosova/#primaryimage","url":"https://qika.org/wp-content/uploads/2023/08/365437888_615059130769846_1471226544650145833_n.jpg","contentUrl":"https://qika.org/wp-content/uploads/2023/08/365437888_615059130769846_1471226544650145833_n.jpg","width":1600,"height":1200},{"@type":"BreadcrumbList","@id":"https://qika.org/activities/qika-diskuton-mbi-barazine-gjinore-ne-institutin-veror-te-teach-for-kosova/#breadcrumb","itemListElement":[{"@type":"ListItem","position":1,"name":"Home","item":"https://qika.org/en/"},{"@type":"ListItem","position":2,"name":"QIKA diskuton mbi barazinë gjinore në Institutin Veror të Teach for Kosova"}]},{"@type":"WebSite","@id":"https://qika.org/#website","url":"https://qika.org/","name":"QIKA","description":"Qendra për Informim, Kritikë dhe Aksion","potentialAction":[{"@type":"SearchAction","target":{"@type":"EntryPoint","urlTemplate":"https://qika.org/?s={search_term_string}"},"query-input":{"@type":"PropertyValueSpecification","valueRequired":true,"valueName":"search_term_string"}}],"inLanguage":"en-US"}]}</script>
<!-- / Yoast SEO plugin. -->

QIKA diskuton mbi barazinë gjinore në Institutin Veror të Teach for Kosova - QIKA

Kënaqësi e jashtëzakonshme të diskutojmë për barazi gjinore me vajzat e djemtë e mrekullueshëm që janë pjesë e Institutit Veror për mësimdhënie të organizuar nga Teach for Kosova. Donjeta Morina nga QIKA, trajnoi dje pjesëmarrësit e këtij instituti mbi rëndësinë e përfshirjes së perspektives feministe në mësimdhënie. Përgjatë trajnimit këta të rinj me profile e [&hellip;]

Qendra për Informim, Kritikë dhe Aksion
