{"id":8442,"date":"2024-02-07T11:35:38","date_gmt":"2024-02-07T10:35:38","guid":{"rendered":"https:\/\/qika.org\/?post_type=activities&#038;p=8442"},"modified":"2024-02-07T11:35:39","modified_gmt":"2024-02-07T10:35:39","slug":"mbahet-trajnimi-i-dyte-me-grupin-punues-te-komunes-se-lipjanit","status":"publish","type":"activities","link":"https:\/\/qika.org\/en\/activities\/mbahet-trajnimi-i-dyte-me-grupin-punues-te-komunes-se-lipjanit\/","title":{"rendered":"Mbahet trajnimi i dyt\u00eb me grupin punues t\u00eb Komun\u00ebs s\u00eb Lipjanit"},"content":{"rendered":"\n<p>N\u00eb vazhd\u00ebn e takimeve me grupin punues t\u00eb Komun\u00ebs s\u00eb Lipjanit p\u00ebr rishikimin e rregulloreve t\u00eb shkollave, mbajt\u00ebm trajnimin e dyt\u00eb me Blend\u00eb Pira ku trajtuam \u201cGjuh\u00ebn e urrejtjes, bullizmin dhe diskriminimin\u201d.<\/p>\n\n\n\n<p>Ky projekt implementohet nga QIKA me ndihm\u00ebn financiare t\u00eb K\u00ebshillit t\u00eb Evrop\u00ebs. Pik\u00ebpamjet e shprehura nuk mund t\u00eb konsiderohen n\u00eb asnj\u00eb m\u00ebnyr\u00eb se pasqyrojn\u00eb opinionin zyrtar t\u00eb K\u00ebshillit t\u00eb Evrop\u00ebs.<\/p>\n\n\n\n<p><a href=\"https:\/\/www.facebook.com\/CoE.Pristina?__cft__[0]=AZUknCVOmthjUO-nZI20C1tBmuYgztw-fZeJ-60TUMrV-7X2_q8z0LtNmYq9STV3ygCgUqIMIAHMuc82A3IErTRKn7I55p4lndKIbZIC4u6e0LZSjLshgY_s3rRLL5V79kl-T5I6l47-4jOK_-3lP6iWv_eX61bw98KtihVRGdpmWIdMCnMF8cJV5t9uiXNYxSM&amp;__tn__=-]K-R\">Council of Europe Office in Pristina<\/a><\/p>\n","protected":false},"featured_media":8443,"template":"","class_list":["post-8442","activities","type-activities","status-publish","has-post-thumbnail","hentry"],"acf":[],"yoast_head":"<!-- This site is optimized with the Yoast SEO plugin v23.5 - https:\/\/yoast.com\/wordpress\/plugins\/seo\/ -->\n<title>Mbahet trajnimi i dyt\u00eb me grupin punues t\u00eb Komun\u00ebs s\u00eb Lipjanit - QIKA<\/title>\n<meta name=\"robots\" content=\"index, follow, max-snippet:-1, max-image-preview:large, max-video-preview:-1\" \/>\n<link rel=\"canonical\" href=\"https:\/\/qika.org\/activities\/mbahet-trajnimi-i-dyte-me-grupin-punues-te-komunes-se-lipjanit\/\" \/>\n<meta property=\"og:locale\" content=\"en_US\" \/>\n<meta property=\"og:type\" content=\"article\" \/>\n<meta property=\"og:title\" content=\"Mbahet trajnimi i dyt\u00eb me grupin punues t\u00eb Komun\u00ebs s\u00eb Lipjanit - QIKA\" \/>\n<meta property=\"og:description\" content=\"N\u00eb vazhd\u00ebn e takimeve me grupin punues t\u00eb Komun\u00ebs s\u00eb Lipjanit p\u00ebr rishikimin e rregulloreve t\u00eb shkollave, mbajt\u00ebm trajnimin e dyt\u00eb me Blend\u00eb Pira ku trajtuam \u201cGjuh\u00ebn e urrejtjes, bullizmin dhe diskriminimin\u201d. Ky projekt implementohet nga QIKA me ndihm\u00ebn financiare t\u00eb K\u00ebshillit t\u00eb Evrop\u00ebs. Pik\u00ebpamjet e shprehura nuk mund t\u00eb konsiderohen n\u00eb asnj\u00eb m\u00ebnyr\u00eb se [&hellip;]\" \/>\n<meta property=\"og:url\" content=\"https:\/\/qika.org\/activities\/mbahet-trajnimi-i-dyte-me-grupin-punues-te-komunes-se-lipjanit\/\" \/>\n<meta property=\"og:site_name\" content=\"QIKA\" \/>\n<meta property=\"article:modified_time\" content=\"2024-02-07T10:35:39+00:00\" \/>\n<meta property=\"og:image\" content=\"https:\/\/qika.org\/wp-content\/uploads\/2024\/02\/424674087_715535347388890_1642840693428995212_n.jpg\" \/>\n\t<meta property=\"og:image:width\" content=\"2048\" \/>\n\t<meta property=\"og:image:height\" content=\"1365\" \/>\n\t<meta property=\"og:image:type\" content=\"image\/jpeg\" \/>\n<meta name=\"twitter:card\" content=\"summary_large_image\" \/>\n<meta name=\"twitter:label1\" content=\"Est. reading time\" \/>\n\t<meta name=\"twitter:data1\" content=\"1 minute\" \/>\n<script type=\"application\/ld+json\" class=\"yoast-schema-graph\">{\"@context\":\"https:\/\/schema.org\",\"@graph\":[{\"@type\":\"WebPage\",\"@id\":\"https:\/\/qika.org\/activities\/mbahet-trajnimi-i-dyte-me-grupin-punues-te-komunes-se-lipjanit\/\",\"url\":\"https:\/\/qika.org\/activities\/mbahet-trajnimi-i-dyte-me-grupin-punues-te-komunes-se-lipjanit\/\",\"name\":\"Mbahet trajnimi i dyt\u00eb me grupin punues t\u00eb Komun\u00ebs s\u00eb Lipjanit - QIKA\",\"isPartOf\":{\"@id\":\"https:\/\/qika.org\/#website\"},\"primaryImageOfPage\":{\"@id\":\"https:\/\/qika.org\/activities\/mbahet-trajnimi-i-dyte-me-grupin-punues-te-komunes-se-lipjanit\/#primaryimage\"},\"image\":{\"@id\":\"https:\/\/qika.org\/activities\/mbahet-trajnimi-i-dyte-me-grupin-punues-te-komunes-se-lipjanit\/#primaryimage\"},\"thumbnailUrl\":\"https:\/\/qika.org\/wp-content\/uploads\/2024\/02\/424674087_715535347388890_1642840693428995212_n.jpg\",\"datePublished\":\"2024-02-07T10:35:38+00:00\",\"dateModified\":\"2024-02-07T10:35:39+00:00\",\"breadcrumb\":{\"@id\":\"https:\/\/qika.org\/activities\/mbahet-trajnimi-i-dyte-me-grupin-punues-te-komunes-se-lipjanit\/#breadcrumb\"},\"inLanguage\":\"en-US\",\"potentialAction\":[{\"@type\":\"ReadAction\",\"target\":[\"https:\/\/qika.org\/activities\/mbahet-trajnimi-i-dyte-me-grupin-punues-te-komunes-se-lipjanit\/\"]}]},{\"@type\":\"ImageObject\",\"inLanguage\":\"en-US\",\"@id\":\"https:\/\/qika.org\/activities\/mbahet-trajnimi-i-dyte-me-grupin-punues-te-komunes-se-lipjanit\/#primaryimage\",\"url\":\"https:\/\/qika.org\/wp-content\/uploads\/2024\/02\/424674087_715535347388890_1642840693428995212_n.jpg\",\"contentUrl\":\"https:\/\/qika.org\/wp-content\/uploads\/2024\/02\/424674087_715535347388890_1642840693428995212_n.jpg\",\"width\":2048,\"height\":1365},{\"@type\":\"BreadcrumbList\",\"@id\":\"https:\/\/qika.org\/activities\/mbahet-trajnimi-i-dyte-me-grupin-punues-te-komunes-se-lipjanit\/#breadcrumb\",\"itemListElement\":[{\"@type\":\"ListItem\",\"position\":1,\"name\":\"Home\",\"item\":\"https:\/\/qika.org\/en\/\"},{\"@type\":\"ListItem\",\"position\":2,\"name\":\"Mbahet trajnimi i dyt\u00eb me grupin punues t\u00eb Komun\u00ebs s\u00eb Lipjanit\"}]},{\"@type\":\"WebSite\",\"@id\":\"https:\/\/qika.org\/#website\",\"url\":\"https:\/\/qika.org\/\",\"name\":\"QIKA\",\"description\":\"Qendra p\u00ebr Informim, Kritik\u00eb dhe Aksion\",\"potentialAction\":[{\"@type\":\"SearchAction\",\"target\":{\"@type\":\"EntryPoint\",\"urlTemplate\":\"https:\/\/qika.org\/?s={search_term_string}\"},\"query-input\":{\"@type\":\"PropertyValueSpecification\",\"valueRequired\":true,\"valueName\":\"search_term_string\"}}],\"inLanguage\":\"en-US\"}]}<\/script>\n<!-- \/ Yoast SEO plugin. -->","yoast_head_json":{"title":"Mbahet trajnimi i dyt\u00eb me grupin punues t\u00eb Komun\u00ebs s\u00eb Lipjanit - QIKA","robots":{"index":"index","follow":"follow","max-snippet":"max-snippet:-1","max-image-preview":"max-image-preview:large","max-video-preview":"max-video-preview:-1"},"canonical":"https:\/\/qika.org\/activities\/mbahet-trajnimi-i-dyte-me-grupin-punues-te-komunes-se-lipjanit\/","og_locale":"en_US","og_type":"article","og_title":"Mbahet trajnimi i dyt\u00eb me grupin punues t\u00eb Komun\u00ebs s\u00eb Lipjanit - QIKA","og_description":"N\u00eb vazhd\u00ebn e takimeve me grupin punues t\u00eb Komun\u00ebs s\u00eb Lipjanit p\u00ebr rishikimin e rregulloreve t\u00eb shkollave, mbajt\u00ebm trajnimin e dyt\u00eb me Blend\u00eb Pira ku trajtuam \u201cGjuh\u00ebn e urrejtjes, bullizmin dhe diskriminimin\u201d. Ky projekt implementohet nga QIKA me ndihm\u00ebn financiare t\u00eb K\u00ebshillit t\u00eb Evrop\u00ebs. Pik\u00ebpamjet e shprehura nuk mund t\u00eb konsiderohen n\u00eb asnj\u00eb m\u00ebnyr\u00eb se [&hellip;]","og_url":"https:\/\/qika.org\/activities\/mbahet-trajnimi-i-dyte-me-grupin-punues-te-komunes-se-lipjanit\/","og_site_name":"QIKA","article_modified_time":"2024-02-07T10:35:39+00:00","og_image":[{"width":2048,"height":1365,"url":"https:\/\/qika.org\/wp-content\/uploads\/2024\/02\/424674087_715535347388890_1642840693428995212_n.jpg","type":"image\/jpeg"}],"twitter_card":"summary_large_image","twitter_misc":{"Est. reading time":"1 minute"},"schema":{"@context":"https:\/\/schema.org","@graph":[{"@type":"WebPage","@id":"https:\/\/qika.org\/activities\/mbahet-trajnimi-i-dyte-me-grupin-punues-te-komunes-se-lipjanit\/","url":"https:\/\/qika.org\/activities\/mbahet-trajnimi-i-dyte-me-grupin-punues-te-komunes-se-lipjanit\/","name":"Mbahet trajnimi i dyt\u00eb me grupin punues t\u00eb Komun\u00ebs s\u00eb Lipjanit - QIKA","isPartOf":{"@id":"https:\/\/qika.org\/#website"},"primaryImageOfPage":{"@id":"https:\/\/qika.org\/activities\/mbahet-trajnimi-i-dyte-me-grupin-punues-te-komunes-se-lipjanit\/#primaryimage"},"image":{"@id":"https:\/\/qika.org\/activities\/mbahet-trajnimi-i-dyte-me-grupin-punues-te-komunes-se-lipjanit\/#primaryimage"},"thumbnailUrl":"https:\/\/qika.org\/wp-content\/uploads\/2024\/02\/424674087_715535347388890_1642840693428995212_n.jpg","datePublished":"2024-02-07T10:35:38+00:00","dateModified":"2024-02-07T10:35:39+00:00","breadcrumb":{"@id":"https:\/\/qika.org\/activities\/mbahet-trajnimi-i-dyte-me-grupin-punues-te-komunes-se-lipjanit\/#breadcrumb"},"inLanguage":"en-US","potentialAction":[{"@type":"ReadAction","target":["https:\/\/qika.org\/activities\/mbahet-trajnimi-i-dyte-me-grupin-punues-te-komunes-se-lipjanit\/"]}]},{"@type":"ImageObject","inLanguage":"en-US","@id":"https:\/\/qika.org\/activities\/mbahet-trajnimi-i-dyte-me-grupin-punues-te-komunes-se-lipjanit\/#primaryimage","url":"https:\/\/qika.org\/wp-content\/uploads\/2024\/02\/424674087_715535347388890_1642840693428995212_n.jpg","contentUrl":"https:\/\/qika.org\/wp-content\/uploads\/2024\/02\/424674087_715535347388890_1642840693428995212_n.jpg","width":2048,"height":1365},{"@type":"BreadcrumbList","@id":"https:\/\/qika.org\/activities\/mbahet-trajnimi-i-dyte-me-grupin-punues-te-komunes-se-lipjanit\/#breadcrumb","itemListElement":[{"@type":"ListItem","position":1,"name":"Home","item":"https:\/\/qika.org\/en\/"},{"@type":"ListItem","position":2,"name":"Mbahet trajnimi i dyt\u00eb me grupin punues t\u00eb Komun\u00ebs s\u00eb Lipjanit"}]},{"@type":"WebSite","@id":"https:\/\/qika.org\/#website","url":"https:\/\/qika.org\/","name":"QIKA","description":"Qendra p\u00ebr Informim, Kritik\u00eb dhe Aksion","potentialAction":[{"@type":"SearchAction","target":{"@type":"EntryPoint","urlTemplate":"https:\/\/qika.org\/?s={search_term_string}"},"query-input":{"@type":"PropertyValueSpecification","valueRequired":true,"valueName":"search_term_string"}}],"inLanguage":"en-US"}]}},"_links":{"self":[{"href":"https:\/\/qika.org\/en\/wp-json\/wp\/v2\/activities\/8442","targetHints":{"allow":["GET"]}}],"collection":[{"href":"https:\/\/qika.org\/en\/wp-json\/wp\/v2\/activities"}],"about":[{"href":"https:\/\/qika.org\/en\/wp-json\/wp\/v2\/types\/activities"}],"wp:featuredmedia":[{"embeddable":true,"href":"https:\/\/qika.org\/en\/wp-json\/wp\/v2\/media\/8443"}],"wp:attachment":[{"href":"https:\/\/qika.org\/en\/wp-json\/wp\/v2\/media?parent=8442"}],"curies":[{"name":"wp","href":"https:\/\/api.w.org\/{rel}","templated":true}]}}

Mbahet trajnimi i dytë me grupin punues të Komunës së Lipjanit

<p>Në vazhdën e takimeve me grupin punues të Komunës së Lipjanit për rishikimin e rregulloreve të shkollave, mbajtëm trajnimin e dytë me Blendë Pira ku trajtuam “Gjuhën e urrejtjes, bullizmin dhe diskriminimin”.</p>



<p>Ky projekt implementohet nga QIKA me ndihmën financiare të Këshillit të Evropës. Pikëpamjet e shprehura nuk mund të konsiderohen në asnjë mënyrë se pasqyrojnë opinionin zyrtar të Këshillit të Evropës.</p>



<p><a href="https://www.facebook.com/CoE.Pristina?__cft__[0]=AZUknCVOmthjUO-nZI20C1tBmuYgztw-fZeJ-60TUMrV-7X2_q8z0LtNmYq9STV3ygCgUqIMIAHMuc82A3IErTRKn7I55p4lndKIbZIC4u6e0LZSjLshgY_s3rRLL5V79kl-T5I6l47-4jOK_-3lP6iWv_eX61bw98KtihVRGdpmWIdMCnMF8cJV5t9uiXNYxSM&amp;__tn__=-]K-R">Council of Europe Office in Pristina</a></p>

<!-- This site is optimized with the Yoast SEO plugin v23.5 - https://yoast.com/wordpress/plugins/seo/ -->
<title>Mbahet trajnimi i dytë me grupin punues të Komunës së Lipjanit - QIKA</title>
<meta name="robots" content="index, follow, max-snippet:-1, max-image-preview:large, max-video-preview:-1" />
<link rel="canonical" href="https://qika.org/activities/mbahet-trajnimi-i-dyte-me-grupin-punues-te-komunes-se-lipjanit/" />
<meta property="og:locale" content="en_US" />
<meta property="og:type" content="article" />
<meta property="og:title" content="Mbahet trajnimi i dytë me grupin punues të Komunës së Lipjanit - QIKA" />
<meta property="og:description" content="Në vazhdën e takimeve me grupin punues të Komunës së Lipjanit për rishikimin e rregulloreve të shkollave, mbajtëm trajnimin e dytë me Blendë Pira ku trajtuam “Gjuhën e urrejtjes, bullizmin dhe diskriminimin”. Ky projekt implementohet nga QIKA me ndihmën financiare të Këshillit të Evropës. Pikëpamjet e shprehura nuk mund të konsiderohen në asnjë mënyrë se [&hellip;]" />
<meta property="og:url" content="https://qika.org/activities/mbahet-trajnimi-i-dyte-me-grupin-punues-te-komunes-se-lipjanit/" />
<meta property="og:site_name" content="QIKA" />
<meta property="article:modified_time" content="2024-02-07T10:35:39+00:00" />
<meta property="og:image" content="https://qika.org/wp-content/uploads/2024/02/424674087_715535347388890_1642840693428995212_n.jpg" />
	<meta property="og:image:width" content="2048" />
	<meta property="og:image:height" content="1365" />
	<meta property="og:image:type" content="image/jpeg" />
<meta name="twitter:card" content="summary_large_image" />
<meta name="twitter:label1" content="Est. reading time" />
	<meta name="twitter:data1" content="1 minute" />
<script type="application/ld+json" class="yoast-schema-graph">{"@context":"https://schema.org","@graph":[{"@type":"WebPage","@id":"https://qika.org/activities/mbahet-trajnimi-i-dyte-me-grupin-punues-te-komunes-se-lipjanit/","url":"https://qika.org/activities/mbahet-trajnimi-i-dyte-me-grupin-punues-te-komunes-se-lipjanit/","name":"Mbahet trajnimi i dytë me grupin punues të Komunës së Lipjanit - QIKA","isPartOf":{"@id":"https://qika.org/#website"},"primaryImageOfPage":{"@id":"https://qika.org/activities/mbahet-trajnimi-i-dyte-me-grupin-punues-te-komunes-se-lipjanit/#primaryimage"},"image":{"@id":"https://qika.org/activities/mbahet-trajnimi-i-dyte-me-grupin-punues-te-komunes-se-lipjanit/#primaryimage"},"thumbnailUrl":"https://qika.org/wp-content/uploads/2024/02/424674087_715535347388890_1642840693428995212_n.jpg","datePublished":"2024-02-07T10:35:38+00:00","dateModified":"2024-02-07T10:35:39+00:00","breadcrumb":{"@id":"https://qika.org/activities/mbahet-trajnimi-i-dyte-me-grupin-punues-te-komunes-se-lipjanit/#breadcrumb"},"inLanguage":"en-US","potentialAction":[{"@type":"ReadAction","target":["https://qika.org/activities/mbahet-trajnimi-i-dyte-me-grupin-punues-te-komunes-se-lipjanit/"]}]},{"@type":"ImageObject","inLanguage":"en-US","@id":"https://qika.org/activities/mbahet-trajnimi-i-dyte-me-grupin-punues-te-komunes-se-lipjanit/#primaryimage","url":"https://qika.org/wp-content/uploads/2024/02/424674087_715535347388890_1642840693428995212_n.jpg","contentUrl":"https://qika.org/wp-content/uploads/2024/02/424674087_715535347388890_1642840693428995212_n.jpg","width":2048,"height":1365},{"@type":"BreadcrumbList","@id":"https://qika.org/activities/mbahet-trajnimi-i-dyte-me-grupin-punues-te-komunes-se-lipjanit/#breadcrumb","itemListElement":[{"@type":"ListItem","position":1,"name":"Home","item":"https://qika.org/en/"},{"@type":"ListItem","position":2,"name":"Mbahet trajnimi i dytë me grupin punues të Komunës së Lipjanit"}]},{"@type":"WebSite","@id":"https://qika.org/#website","url":"https://qika.org/","name":"QIKA","description":"Qendra për Informim, Kritikë dhe Aksion","potentialAction":[{"@type":"SearchAction","target":{"@type":"EntryPoint","urlTemplate":"https://qika.org/?s={search_term_string}"},"query-input":{"@type":"PropertyValueSpecification","valueRequired":true,"valueName":"search_term_string"}}],"inLanguage":"en-US"}]}</script>
<!-- / Yoast SEO plugin. -->

Mbahet trajnimi i dytë me grupin punues të Komunës së Lipjanit - QIKA

Në vazhdën e takimeve me grupin punues të Komunës së Lipjanit për rishikimin e rregulloreve të shkollave, mbajtëm trajnimin e dytë me Blendë Pira ku trajtuam “Gjuhën e urrejtjes, bullizmin dhe diskriminimin”. Ky projekt implementohet nga QIKA me ndihmën financiare të Këshillit të Evropës. Pikëpamjet e shprehura nuk mund të konsiderohen në asnjë mënyrë se [&hellip;]

Qendra për Informim, Kritikë dhe Aksion
